the remainder when 6037 is divided by 355?
2
Calculate the remainder when 63595 is divided by 114.
97
What is the remainder when 178596 is divided by 48?
36
Calculate the remainder when 18632 is divided by 4617.
164
Calculate the remainder when 34674 is divided by 19.
18
Calculate the remainder when 42017 is divided by 142.
127
What is the remainder when 4148 is divided by 76?
44
What is the remainder when 66814 is divided by 259?
251
Calculate the remainder when 2801506 is divided by 433.
429
Calculate the remainder when 140463 is divided by 7.
1
Calculate the remainder when 627255 is divided by 21629.
14
Calculate the remainder when 176470 is divided by 16038.
52
What is the remainder when 5998 is divided by 749?
6
What is the remainder when 148540 is divided by 41?
38
What is the remainder when 19261 is divided by 19?
14
What is the remainder when 270946 is divided by 1158?
1132
What is the remainder when 16282 is divided by 98?
14
What is the remainder when 2228 is divided by 105?
23
What is the remainder when 592 is divided by 447?
145
Calculate the remainder when 33128 is divided by 1227.
1226
Calculate the remainder when 4837 is divided by 270.
247
What is the remainder when 59087 is divided by 374?
369
Calculate the remainder when 7687 is divided by 273.
43
Calculate the remainder when 100332 is divided by 9121.
1
Calculate the remainder when 1060 is divided by 69.
25
Calculate the remainder when 35521 is divided by 112.
17
Calculate the remainder when 731 is divided by 186.
173
What is the remainder when 22158 is divided by 887?
870
Calculate the remainder when 4395 is divided by 80.
75
What is the remainder when 154407 is divided by 193?
7
Calculate the remainder when 128857 is divided by 486.
67
Calculate the remainder when 1218 is divided by 285.
78
What is the remainder when 649 is divided by 304?
41
Calculate the remainder when 57453 is divided by 991.
966
Calculate the remainder when 130224 is divided by 210.
24
Calculate the remainder when 3115 is divided by 1523.
69
Calculate the remainder when 706 is divided by 521.
185
Calculate the remainder when 2155566 is divided by 398.
396
Calculate the remainder when 1301 is divided by 98.
27
What is the remainder when 52087 is divided by 2083?
12
What is the remainder when 2866 is divided by 1430?
6
Calculate the remainder when 8069 is divided by 538.
537
What is the remainder when 45859 is divided by 113?
94
Calculate the remainder when 3908 is divided by 131.
109
What is the remainder when 2099 is divided by 316?
203
Calculate the remainder when 9083 is divided by 115.
113
Calculate the remainder when 8258 is divided by 53.
43
What is the remainder when 930219 is divided by 19?
17
Calculate the remainder when 14679 is divided by 2924.
59
Calculate the remainder when 77821 is divided by 19451.
17
Calculate the remainder when 2933 is divided by 1927.
1006
Calculate the remainder when 2531 is divided by 267.
128
What is the remainder when 116609 is divided by 338?
337
What is the remainder when 4884 is divided by 71?
56
Calculate the remainder when 55270 is divided by 55182.
88
Calculate the remainder when 721 is divided by 63.
28
Calculate the remainder when 103833 is divided by 110.
103
Calculate the remainder when 151216 is divided by 271.
269
What is the remainder when 43385 is divided by 219?
23
Calculate the remainder when 445 is divided by 7.
4
Calculate the remainder when 2208 is divided by 51.
15
What is the remainder when 137539 is divided by 92?
91
What is the remainder when 3056 is divided by 170?
166
Calculate the remainder when 2527 is divided by 475.
152
What is the remainder when 472370 is divided by 69?
65
Calculate the remainder when 22460 is divided by 27.
23
What is the remainder when 88542 is divided by 139?
138
Calculate the remainder when 696 is divided by 101.
90
Calculate the remainder when 86653 is divided by 12378.
7
What is the remainder when 1904 is divided by 239?
231
Calculate the remainder when 5808 is divided by 1933.
9
Calculate the remainder when 427762 is divided by 4.
2
Calculate the remainder when 199703 is divided by 99800.
103
Calculate the remainder when 33064 is divided by 11020.
4
Calculate the remainder when 10336 is divided by 62.
44
Calculate the remainder when 433 is divided by 302.
131
Calculate the remainder when 3707295 is divided by 18.
15
Calculate the remainder when 1232 is divided by 24.
8
What is the remainder when 1306708 is divided by 341?
337
Calculate the remainder when 18938 is divided by 13.
10
Calculate the remainder when 59578 is divided by 76.
70
What is the remainder when 176538 is divided by 53?
48
What is the remainder when 22168 is divided by 7378?
34
What is the remainder when 7426 is divided by 177?
169
Calculate the remainder when 205139 is divided by 58.
51
What is the remainder when 423070 is divided by 607?
598
Calculate the remainder when 91671 is divided by 91657.
14
Calculate the remainder when 45394 is divided by 97.
95
What is the remainder when 687 is divided by 68?
7
Calculate the remainder when 522850 is divided by 6.
4
What is the remainder when 6600 is divided by 1646?
16
What is the remainder when 15686 is divided by 334?
322
What is the remainder when 4603251 is divided by 62?
61
What is the remainder when 10730 is divided by 1786?
14
What is the remainder when 2106 is divided by 546?
468
Calculate the remainder when 85891 is divided by 57.
49
Calculate the remainder when 358 is divided by 219.
139
Calculate the remainder when 37184 is divided by 1004.
36
Calculate the remainder when 5918 is divided by 1862.
332
What is the remainder when 3485 is divided by 1261?
963
What is the remainder when 13524 is divided by 165?
159
What is the remainder when 337938 is divided by 539?
524
Calculate the remainder when 21221 is divided by 19.
17
What is the remainder when 1698 is divided by 375?
198
Calculate the remainder when 17337 is divided by 30.
27
What is the remainder when 62828 is divided by 408?
404
Calculate the remainder when 15241 is divided by 189.
121
What is the remainder when 5652 is divided by 4185?
1467
Calculate the remainder when 1438 is divided by 128.
30
What is the remainder when 4300611 is divided by 142?
141
Calculate the remainder when 806 is divided by 37.
29
Calculate the remainder when 216 is divided by 132.
84
Calculate the remainder when 2437 is divided by 486.
7
What is the remainder when 8699 is divided by 55?
9
Calculate the remainder when 24933 is divided by 3561.
6
What is the remainder when 16343 is divided by 292?
283
Calculate the remainder when 10146 is divided by 78.
6
Calculate the remainder when 11674 is divided by 18.
10
What is the remainder when 26667 is divided by 156?
147
What is the remainder when 117738 is divided by 145?
143
Calculate the remainder when 52328 is divided by 84.
80
Calculate the remainder when 269481 is divided by 17.
14
What is the remainder when 2996075 is divided by 778?
775
Calculate the remainder when 18078 is divided by 401.
33
Calculate the remainder when 379846 is divided by 408.
406
What is the remainder when 1056683 is divided by 528339?
5
What is the remainder when 29335 is divided by 376?
7
Calculate the remainder when 102033 is divided by 1646.
1627
Calculate the remainder when 1158073 is divided by 579030.
13
What is the remainder when 10119 is divided by 18?
3
Calculate the remainder when 1697423 is divided by 1086.
5
Calculate the remainder when 15738 is divided by 29.
20
What is the remainder when 783 is divided by 58?
29
What is the remainder when 10858 is divided by 17?
12
Calculate the remainder when 7953 is divided by 194.
193
Calculate the remainder when 259851 is divided by 80.
11
Calculate the remainder when 7712 is divided by 690.
122
Calculate the remainder when 856 is divided by 785.
71
What is the remainder when 4473 is divided by 2231?
11
What is the remainder when 10869 is divided by 30?
9
Calculate the remainder when 137963 is divided by 45983.
14
What is the remainder when 10697 is divided by 75?
47
What is the remainder when 2383419 is divided by 16?
11
What is the remainder when 9842 is divided by 2796?
1454
What is the remainder when 29060 is divided by 1931?
95
Calculate the remainder when 17352 is divided b